{"id":113,"date":"2018-09-07T16:10:44","date_gmt":"2018-09-07T16:10:44","guid":{"rendered":"https:\/\/www.viajeros.net\/vwp\/?page_id=113"},"modified":"2018-09-07T16:10:44","modified_gmt":"2018-09-07T16:10:44","slug":"la-prueba-final","status":"publish","type":"page","link":"https:\/\/www.viajeros.net\/vwp\/la-prueba-final\/","title":{"rendered":"La prueba final"},"content":{"rendered":"\n<p>John X se levant\u00f3 del banco, arreglando su uniforme, y estudi\u00f3 la multitud de gente que se abr\u00eda paso hacia la Gran Estaci\u00f3n Central. Busc\u00f3 la chica cuyo coraz\u00f3n \u00e9l conoc\u00eda pero cuya cara nunca hab\u00eda visto, la chica de la rosa.<\/p>\n\n\n\n<p>Su inter\u00e9s en ella hab\u00eda comenzado 13 meses antes en una Biblioteca de Florida. Tomando un libro del estante, se encontr\u00f3 intrigado, no por las palabras del libro sino por las notas escritas en el margen. La escritura suave reflejaba un alma pensativa y una mente brillante. En la parte del frente del libro descubri\u00f3 el nombre de la due\u00f1a anterior, la se\u00f1orita Hollys Maynell. Con tiempo y esfuerzo localiz\u00f3 su direcci\u00f3n. Ella viv\u00eda en Nueva York.<\/p>\n\n\n\n<p>El le escribi\u00f3 una carta para presentarse y para invitarla a corresponderle. Al d\u00eda siguiente, John fue enviado por barco para servir en la Segunda Guerra Mundial. Durante un a\u00f1o y un mes, los dos se conocieron a trav\u00e9s del correo, y un romance fue creciendo. John le pidi\u00f3 una fotograf\u00eda, pero ella se neg\u00f3. Ella sent\u00eda que si a \u00e9l de verdad le importaba, no importar\u00eda c\u00f3mo ella luciera.<\/p>\n\n\n\n<p>Cuando por fin lleg\u00f3 el d\u00eda en que \u00e9l regresar\u00eda de Europa, ellos arreglaron su primer encuentro: a las 7:00 PM en la Gran Estaci\u00f3n Central de Nueva York. &#8220;T\u00fa me reconocer\u00e1s&#8221; ella dijo, &#8220;por la rosa roja que llevar\u00e9 en la solapa&#8221;. As\u00ed que a las 7 John estaba en la estaci\u00f3n busc\u00e1ndola.<\/p>\n\n\n\n<p>Dejar\u00e9 que el se\u00f1or X les diga lo que sucedi\u00f3:<\/p>\n\n\n\n<p>&#8220;Una joven mujer vino hacia mi, su figura alta y esbelta. Su cabello rubio y rizado se encontraba detr\u00e1s de sus delicadas orejas; sus ojos eran azules como flores. Sus labios y su ment\u00f3n ten\u00edan una gentil firmeza y en su traje verde p\u00e1lido era como la primavera en vida. Yo comenc\u00e9 a caminar hacia ella sin darme cuenta que no llevaba la rosa.<\/p>\n\n\n\n<p>Mientras me mov\u00eda, una peque\u00f1a y provocativa sonrisa curv\u00f3 sus labios: &#8220;?Vas por mi v\u00eda, marinero?&#8221; Murmur\u00f3 ella.<\/p>\n\n\n\n<p>Casi incontrolablemente di un paso hacia ella y entonces vi a Hollis Maynell. Estaba parada casi directamente detr\u00e1s de la chica. Una mujer, ya pasada de sus 40, con cabello gris\u00e1ceo bajo un sombrero gastado. Era m\u00e1s que regordeta, sus pies con gruesos tobillos descansaban en zapatos de suela baja. La chica en el traje verde se iba r\u00e1pidamente. Sent\u00ed como si me partiera en dos: mi deseo tan agudo de seguirla, y a la vez tan profundo mi anhelo por la mujer cuyo esp\u00edritu me hab\u00eda acompa\u00f1ado y apoyado. Y ah\u00ed estaba ella. Su p\u00e1lida y rolliza cara era gentil y sensible, sus ojos grises ten\u00edan un brillo c\u00e1lido y amigable.<\/p>\n\n\n\n<p>No vacil\u00e9.<\/p>\n\n\n\n<p>Mis dedos apretaron la peque\u00f1a y usada copia de cuero del libro que era para identificarme con ella. Esto no ser\u00eda amor, pero ser\u00eda algo preciado, algo quiz\u00e1 mejor que el amor, una amistad por la que hab\u00eda y deb\u00eda estar siempre agradecido.<\/p>\n\n\n\n<p>Cuadr\u00e9 mis hombros, salud\u00e9 y le ofrec\u00ed el libro a la mujer, aunque mientras hablaba me sent\u00ed ahogado por la amargura de mi decepci\u00f3n.<\/p>\n\n\n\n<p>Soy el Teniente John X, y usted debe ser la Srta. Maynell.<\/p>\n\n\n\n<p>Estoy muy contento que me pudiera conocer; \u00bfla puedo llevar a cenar?<\/p>\n\n\n\n<p>La cara de la mujer se ensanch\u00f3 en una sonrisa tolerante.<\/p>\n\n\n\n<p>&#8220;No s\u00e9 de qu\u00e9 se trata esto hijo&#8221; ella respondi\u00f3,<\/p>\n\n\n\n<p>&#8220;pero la se\u00f1orita en el traje verde que se acaba de ir me rog\u00f3 que usara esta rosa en mi abrigo. Y ella dijo que si usted me invitaba a cenar yo le dir\u00eda que lo est\u00e1 esperando en el restaurante de enfrente. Ella dijo que era una clase de prueba!&#8221;<\/p>\n\n\n\n<p>No es dif\u00edcil de entender y admirar la sabidur\u00eda de la Srta. Maynell. La verdadera naturaleza de un coraz\u00f3n se ve en su respuesta a lo no atractivo. &#8220;Dime a quien amas&#8221; escribi\u00f3 Houssaye, &#8220;Y te dir\u00e1 qui\u00e9n eres&#8221;.<\/p>\n\n\n\n<p>Compartido por Francy Arias, Venezuela. (2004)<\/p>\n","protected":false},"excerpt":{"rendered":"<p>John X se levant\u00f3 del banco, arreglando su uniforme, y estudi\u00f3 la multitud de gente que se abr\u00eda paso hacia la Gran Estaci\u00f3n Central. Busc\u00f3 la chica cuyo coraz\u00f3n \u00e9l conoc\u00eda pero cuya cara nunca hab\u00eda visto, la chica de la rosa. Su inter\u00e9s en ella hab\u00eda comenzado 13 meses antes en una Biblioteca de &hellip; <\/p>\n<p class=\"link-more\"><a href=\"https:\/\/www.viajeros.net\/vwp\/la-prueba-final\/\" class=\"more-link\">Continue reading<span class=\"screen-reader-text\"> &#8220;La prueba final&#8221;<\/span><\/a><\/p>\n","protected":false},"author":1,"featured_media":0,"parent":0,"menu_order":0,"comment_status":"closed","ping_status":"closed","template":"","meta":{"footnotes":""},"class_list":["post-113","page","type-page","status-publish","hentry"],"_links":{"self":[{"href":"https:\/\/www.viajeros.net\/vwp\/wp-json\/wp\/v2\/pages\/113","targetHints":{"allow":["GET"]}}],"collection":[{"href":"https:\/\/www.viajeros.net\/vwp\/wp-json\/wp\/v2\/pages"}],"about":[{"href":"https:\/\/www.viajeros.net\/vwp\/wp-json\/wp\/v2\/types\/page"}],"author":[{"embeddable":true,"href":"https:\/\/www.viajeros.net\/vwp\/wp-json\/wp\/v2\/users\/1"}],"replies":[{"embeddable":true,"href":"https:\/\/www.viajeros.net\/vwp\/wp-json\/wp\/v2\/comments?post=113"}],"version-history":[{"count":1,"href":"https:\/\/www.viajeros.net\/vwp\/wp-json\/wp\/v2\/pages\/113\/revisions"}],"predecessor-version":[{"id":114,"href":"https:\/\/www.viajeros.net\/vwp\/wp-json\/wp\/v2\/pages\/113\/revisions\/114"}],"wp:attachment":[{"href":"https:\/\/www.viajeros.net\/vwp\/wp-json\/wp\/v2\/media?parent=113"}],"curies":[{"name":"wp","href":"https:\/\/api.w.org\/{rel}","templated":true}]}}