{"id":126,"date":"2018-09-07T16:48:11","date_gmt":"2018-09-07T16:48:11","guid":{"rendered":"https:\/\/www.viajeros.net\/vwp\/?page_id=126"},"modified":"2018-09-07T16:53:31","modified_gmt":"2018-09-07T16:53:31","slug":"solo-empuja","status":"publish","type":"page","link":"https:\/\/www.viajeros.net\/vwp\/solo-empuja\/","title":{"rendered":"Solo empuja&#8230;"},"content":{"rendered":"\n<p>Un hombre dorm\u00eda en su caba\u00f1a cuando de repente una luz ilumin\u00f3 la\u00a0<br\/>habitaci\u00f3n y apareci\u00f3 Dios. El Se\u00f1or le dijo que ten\u00eda un trabajo para \u00e9l y le ense\u00f1\u00f3 una gran roca frente a la caba\u00f1a.<\/p>\n\n\n\n<p>Le explic\u00f3 que deb\u00eda empujar la piedra con todas sus fuerzas. El hombre hizo lo que el Se\u00f1or le pidi\u00f3, d\u00eda tras d\u00eda. Por muchos a\u00f1os, desde que sal\u00eda el sol hasta el ocaso, el hombre empujaba la fr\u00eda piedra con todas sus fuerzas&#8230; y esta no se mov\u00eda.<\/p>\n\n\n\n<p>Todas las noches el hombre regresaba a su caba\u00f1a muy cansado y sintiendo que todos sus esfuerzos eran en vano. Como el hombre empez\u00f3 a sentirse frustrado, Satan\u00e1s decidi\u00f3 entrar al juego trayendo negativos pensamientos a su mente: &#8220;Has estado empujando esa roca por mucho tiempo, y no se ha movido&#8221;.<\/p>\n\n\n\n<p>Le di\u00f3 al hombre la impresi\u00f3n que la tarea que le hab\u00eda sido encomendada era imposible de realizar y que \u00e9l era un fracaso. Estos pensamientos incrementaron su sentimiento de frustraci\u00f3n y desilusi\u00f3n. Satan\u00e1s le dijo: &#8220;\u00bfPor qu\u00e9 esforzarte todo el d\u00eda en esta tarea imposible? Solo haz un m\u00ednimo esfuerzo y ser\u00e1 suficiente&#8221;. El hombre pens\u00f3 en poner en pr\u00e1ctica esto pero antes decidi\u00f3 elevar una oraci\u00f3n al Se\u00f1or y confesarle sus sentimientos: &#8220;Se\u00f1or, he trabajado duro por mucho tiempo a tu servicio. He empleado toda mi fuerza para conseguir lo que me pediste, pero a\u00fan as\u00ed, no he podido mover la roca ni un mil\u00edmetro. \u00bfQu\u00e9 pasa? \u00bfPor qu\u00e9 he fracasado? &#8220;.<\/p>\n\n\n\n<p>El Se\u00f1or le respondi\u00f3 con infinita compasi\u00f3n: &#8220;Querido hijo, cuando te ped\u00ed que me sirvieras y tu aceptaste, te dije que tu tarea era empujar la roca con todas tus fuerzas, y lo has hecho. Nunca dije que esperaba que la movieras. Tu tarea era empujar.<\/p>\n\n\n\n<p>Ahora vienes a mi sin fuerzas a decirme que has fracasado, pero&#8230; \u00bfEn realidad fracasaste? M\u00edrate ahora, tus brazos est\u00e1n fuertes y musculosos, tu espalda fuerte y bronceada, tus manos callosas por la constante presi\u00f3n, tus piernas se han vuelto duras. A pesar de la adversidad has crecido mucho y tus habilidades ahora son mayores que las que tuviste alguna vez. Cierto, no has movido la roca, pero tu misi\u00f3n era ser obediente y empujar para ejercitar tu fe en mi.<\/p>\n\n\n\n<p>Eso lo has conseguido. &#8220;<em>Ahora, hijo m\u00edo, Yo mover\u00e9 la roca<\/em>&#8220;.<\/p>\n\n\n\n<p>Algunas veces, cuando escuchamos la palabra del Se\u00f1or, tratamos de utilizar nuestro intelecto para descifrar su voluntad, cuando en realidad Dios solo nos pide obediencia y fe en \u00e9l. Debemos ejercitar nuestra fe, que mueve monta\u00f1as, pero conscientes que es Dios quien al final logra moverlas.<\/p>\n\n\n\n<p>Cu\u00e1ndo todo parezca ir mal&#8230; solo EMPUJA!\u00a0<br\/>Cu\u00e1ndo est\u00e9s agotado por el trabajo&#8230; solo EMPUJA!\u00a0<br\/>Cu\u00e1ndo la gente no se comporte de la manera que parece que deber\u00eda&#8230; solo EMPUJA!<br\/>Cu\u00e1ndo no tienes m\u00e1s dinero para pagar tus cuentas&#8230; solo EMPUJA!\u00a0<br\/>Cu\u00e1ndo la gente simplemente no te comprende&#8230; solo EMPUJA!\u00a0<br\/>Cuando te sientas agotado y sin fuerzas&#8230; solo EMPUJA!<\/p>\n\n\n\n<p>Los verdaderos amigos son dif\u00edciles de encontrar,\u00a0<br\/>f\u00e1ciles de querer e imposibles de olvidar.\u00a0<br\/><\/p>\n\n\n\n<p><em>NO LE DIGAS A DIOS CUAN GRANDE ES TU PROBLEMA&#8230;\u00a0<br\/>DILE A TU PROBLEMA CUAN GRANDE ES TU DIOS<\/em><\/p>\n\n\n\n<p>Compartido por Jes\u00fas Su\u00e1rez G., M\u00e9xico. (2005)<\/p>\n","protected":false},"excerpt":{"rendered":"<p>Un hombre dorm\u00eda en su caba\u00f1a cuando de repente una luz ilumin\u00f3 la\u00a0habitaci\u00f3n y apareci\u00f3 Dios. El Se\u00f1or le dijo que ten\u00eda un trabajo para \u00e9l y le ense\u00f1\u00f3 una gran roca frente a la caba\u00f1a. Le explic\u00f3 que deb\u00eda empujar la piedra con todas sus fuerzas. El hombre hizo lo que el Se\u00f1or le &hellip; <\/p>\n<p class=\"link-more\"><a href=\"https:\/\/www.viajeros.net\/vwp\/solo-empuja\/\" class=\"more-link\">Continue reading<span class=\"screen-reader-text\"> &#8220;Solo empuja&#8230;&#8221;<\/span><\/a><\/p>\n","protected":false},"author":1,"featured_media":0,"parent":0,"menu_order":0,"comment_status":"closed","ping_status":"closed","template":"","meta":{"footnotes":""},"class_list":["post-126","page","type-page","status-publish","hentry"],"_links":{"self":[{"href":"https:\/\/www.viajeros.net\/vwp\/wp-json\/wp\/v2\/pages\/126","targetHints":{"allow":["GET"]}}],"collection":[{"href":"https:\/\/www.viajeros.net\/vwp\/wp-json\/wp\/v2\/pages"}],"about":[{"href":"https:\/\/www.viajeros.net\/vwp\/wp-json\/wp\/v2\/types\/page"}],"author":[{"embeddable":true,"href":"https:\/\/www.viajeros.net\/vwp\/wp-json\/wp\/v2\/users\/1"}],"replies":[{"embeddable":true,"href":"https:\/\/www.viajeros.net\/vwp\/wp-json\/wp\/v2\/comments?post=126"}],"version-history":[{"count":2,"href":"https:\/\/www.viajeros.net\/vwp\/wp-json\/wp\/v2\/pages\/126\/revisions"}],"predecessor-version":[{"id":128,"href":"https:\/\/www.viajeros.net\/vwp\/wp-json\/wp\/v2\/pages\/126\/revisions\/128"}],"wp:attachment":[{"href":"https:\/\/www.viajeros.net\/vwp\/wp-json\/wp\/v2\/media?parent=126"}],"curies":[{"name":"wp","href":"https:\/\/api.w.org\/{rel}","templated":true}]}}