{"id":148,"date":"2018-09-07T18:24:34","date_gmt":"2018-09-07T18:24:34","guid":{"rendered":"https:\/\/www.viajeros.net\/vwp\/?page_id=148"},"modified":"2018-10-03T15:12:24","modified_gmt":"2018-10-03T15:12:24","slug":"escritos-2","status":"publish","type":"page","link":"https:\/\/www.viajeros.net\/vwp\/escritos-2\/","title":{"rendered":"Escritos"},"content":{"rendered":"\n<p>Bueno&#8230;<br\/>Mas que escritos, son trabajos de investigaci\u00f3n que he ido realizando al paso de los a\u00f1os y que me han dejado grandes satisfacciones.<br\/><br\/>Son trabajos, b\u00e1sicamente de Filosof\u00eda y de Teolog\u00eda, ya que parte de mi vida, estuvo dentro de un Seminario, en vistas a la Ordenaci\u00f3n Sacerdotal.<\/p>\n\n\n\n<p>Quiero hacer aqu\u00ed brevemente referencia al Seminario Conciliar de M\u00e9xico al que le debo mucho de mi formaci\u00f3n humana y espiritual; a todos y cada uno de los formadores y directores espirituales, personal de mantenimiento, las Madres Pasionistas, responsables de nuestros alimentos, el personal de oficina; en fin a todos y cada uno de ustedes&#8230; MIL GRACIAS!\u00a0 Mi estad\u00eda fue de 1990 &#8211; 1999, cuando nuestro buen Dios decidi\u00f3 cambiar la direcci\u00f3n de mi vida.<\/p>\n\n\n\n<p>De la misma manera, deseo agradecer muy profundamente todo el apoyo recibido por la Universidad An\u00e1huac del Sur (actualmente Universidad An\u00e1huac campus M\u00e9xico Sur) quienes de 1999 a 2007 me dieron la oportunidad de continuar mis estudios de licenciatura y maestr\u00eda y descubrir la belleza del movimiento de los Legionarios de Cristo, el cual de igual forma, marc\u00f3 profundamente la espiritualidad de mi vida.<\/p>\n\n\n\n<p>Espero colocar aqu\u00ed tambi\u00e9n todos los trabajos de mayor importancia que realic\u00e9 dentro de la Universidad An\u00e1huac del Sur, mientras estudiaba para obtener el t\u00edtulo de Licenciado en Administraci\u00f3n de Empresas y de Maestro en Administraci\u00f3n Internacional, entre otros.<\/p>\n\n\n\n<p>Para mi ha sido importante&#8230;<\/p>\n\n\n\n<p>Por eso te los comparto.<\/p>\n\n\n\n<hr class=\"wp-block-separator\"\/>\n\n\n\n<p>SECCIONES<\/p>\n\n\n\n<ul class=\"wp-block-list\"><li>Seminario Conciliar de M\u00e9xico<\/li><li>Universidad An\u00e1huac del Sur<\/li><\/ul>\n\n\n\n<hr class=\"wp-block-separator\"\/>\n\n\n\n<p><\/p>\n","protected":false},"excerpt":{"rendered":"<p>Bueno&#8230;Mas que escritos, son trabajos de investigaci\u00f3n que he ido realizando al paso de los a\u00f1os y que me han dejado grandes satisfacciones. Son trabajos, b\u00e1sicamente de Filosof\u00eda y de Teolog\u00eda, ya que parte de mi vida, estuvo dentro de un Seminario, en vistas a la Ordenaci\u00f3n Sacerdotal. Quiero hacer aqu\u00ed brevemente referencia al Seminario &hellip; <\/p>\n<p class=\"link-more\"><a href=\"https:\/\/www.viajeros.net\/vwp\/escritos-2\/\" class=\"more-link\">Continue reading<span class=\"screen-reader-text\"> &#8220;Escritos&#8221;<\/span><\/a><\/p>\n","protected":false},"author":1,"featured_media":0,"parent":0,"menu_order":0,"comment_status":"closed","ping_status":"closed","template":"","meta":{"footnotes":""},"class_list":["post-148","page","type-page","status-publish","hentry"],"_links":{"self":[{"href":"https:\/\/www.viajeros.net\/vwp\/wp-json\/wp\/v2\/pages\/148","targetHints":{"allow":["GET"]}}],"collection":[{"href":"https:\/\/www.viajeros.net\/vwp\/wp-json\/wp\/v2\/pages"}],"about":[{"href":"https:\/\/www.viajeros.net\/vwp\/wp-json\/wp\/v2\/types\/page"}],"author":[{"embeddable":true,"href":"https:\/\/www.viajeros.net\/vwp\/wp-json\/wp\/v2\/users\/1"}],"replies":[{"embeddable":true,"href":"https:\/\/www.viajeros.net\/vwp\/wp-json\/wp\/v2\/comments?post=148"}],"version-history":[{"count":5,"href":"https:\/\/www.viajeros.net\/vwp\/wp-json\/wp\/v2\/pages\/148\/revisions"}],"predecessor-version":[{"id":266,"href":"https:\/\/www.viajeros.net\/vwp\/wp-json\/wp\/v2\/pages\/148\/revisions\/266"}],"wp:attachment":[{"href":"https:\/\/www.viajeros.net\/vwp\/wp-json\/wp\/v2\/media?parent=148"}],"curies":[{"name":"wp","href":"https:\/\/api.w.org\/{rel}","templated":true}]}}