{"id":50,"date":"2018-09-05T19:48:31","date_gmt":"2018-09-05T19:48:31","guid":{"rendered":"https:\/\/www.viajeros.net\/vwp\/?page_id=50"},"modified":"2018-09-05T19:48:31","modified_gmt":"2018-09-05T19:48:31","slug":"mexico-otono-de-1998","status":"publish","type":"page","link":"https:\/\/www.viajeros.net\/vwp\/mexico-otono-de-1998\/","title":{"rendered":"M\u00e9xico, Oto\u00f1o de 1998"},"content":{"rendered":"\n<p>\n\nEspero que al leer esto te des cuenta que el tiempo pasa pronto y que mas vale ponerse a caminar pronto antes de que sea muy tarde.\u00a0<\/p>\n\n\n\n<p>El pasado septiembre comenz\u00f3 el trimestre de oto\u00f1o de 1998 en las Universidades P\u00fablicas de nuestra amada Madre Patria. Qui\u00e9n dice que el tiempo no pasa? La gente que entr\u00f3 a las universidades este oto\u00f1o en todo el pa\u00eds, naci\u00f3 en 1980. No tienen recuerdos significativos de la era de Reagan y nunca se enteraron de que alguien le hubiera disparado.\u00a0<\/p>\n\n\n\n<p>Eran pre-puberes cuando se libr\u00f3 la Guerra del Golfo, el lunes negro de la Bolsa de Valores en 1987 les es igual de importante que la Gran Depresi\u00f3n de 1929; y para ellos ha existido solamente un Papa (Juan Pablo II) que ha durado toda la vida. &#8220;Amigo&#8221; es una cancion &#8220;oldie&#8221; (bastante cursi) de un cantante brasile\u00f1o de los setentas y qui\u00e9n sabe por que la mencionamos si estabamos hablando del Papa.<\/p>\n\n\n\n<p>En realidad no pueden acordarse ni de un solo presidente de M\u00e9xico en toda su vida que al salir no fuera acusado de corrupci\u00f3n o no dejara al pa\u00eds en bancarrota y seguramente s\u00f3lo pueden acordarse bien de un solo presidente de los Estados Unidos, quiza de dos&#8230;\u00a0<\/p>\n\n\n\n<p>Ten\u00edan 11 a\u00f1os cuando la Uni\u00f3n Sovi\u00e9tica se desintegr\u00f3, no se acuerdan de la Guerra Fr\u00eda y la \u00fanica vez que tuvieron miedo de una guerra nuclear fue durante unas pocas horas de crisis en 1991. Para ellos &#8220;The Day After&#8221; es una p\u00edldora, no el t\u00edtulo de una pel\u00edcula.\u00a0<\/p>\n\n\n\n<p>S\u00f3lo les toc\u00f3 o\u00edr hablar de una \u00fanica Alemania, aunque en la escuela les hayan contado que hab\u00eda dos. En realidad, a los ojos de ellos, una mitad comunista de Alemania suena m\u00e1s extra\u00f1a que medio Jap\u00f3n poblado por negros.\u00a0<\/p>\n\n\n\n<p>Son demasiado j\u00f3venes para acordarse de la explosi\u00f3n del transbordador espacial Challenger, no les significa nada el nombre de la Plaza Tienanmen y probablemente muy pocos de ellos saben qui\u00e9n es Muammar Qaddafi.\u00a0<\/p>\n\n\n\n<p>Ten\u00edan dos a\u00f1os cuando L\u00f3pez Portillo se autonombro &#8220;perro&#8221;, tres cuando el Negro Durazo entr\u00f3 a la c\u00e1rcel, cuatro cuando Caro Quintero fue el primer narco famoso y cinco cuando temblo en el D.F.\u00a0<\/p>\n\n\n\n<p>Estaban en segundo de primaria cuando se &#8220;cayo el sistema&#8221; para que Salinas le ganara a Cuauht\u00e9moc y en primero de secundaria cuando explot\u00f3 el Sector Reforma en Guadalajara.\u00a0<\/p>\n\n\n\n<p>El Sida ha existido toda su vida. Las tapas de las botellas de refresco no solamente siempre se han atornillado, sino que de hecho toda la vida han sido de plastico. No tienen idea de que aspecto tiene una lata cuya tapita se arranca.\u00a0<\/p>\n\n\n\n<p>No alcanzaron a jugar con el viejo Atari, ni les tocaron discos de vinyl; el disco compacto entro al mercado cuando ten\u00edan un a\u00f1o de nacidos. La expresi\u00f3n &#8220;suenas como un disco rayado&#8221; no significa nada para ellos. De hecho nunca han tenido un tocadiscos, nunca jugaron Packman ni conocieron el Pong. Star Wars se les hace bastante falso y los efectos especiales les parecen pat\u00e9ticos, nada digno de volverse fan\u00e1tico o de usar una camiseta con &#8220;Arturito&#8221; y &#8220;Citripio&#8221;.\u00a0<\/p>\n\n\n\n<p>Las M&amp;M&#8217;s rojas existieron siempre y las azules no son nuevas. Que quieres decir con que solo habia M&amp;M&#8217;s cafes???? Es mas, que quieres decir con que en M\u00e9xico solo hab\u00eda Lunetas Duval y no se podian comprar M&amp;M&#8217;s??\u00a0<\/p>\n\n\n\n<p>Es posible que hayan oido hablar de las cintas de 8 tracks, pero lo mas probable es que nunca en su vida hayan visto u oido una.\u00a0<\/p>\n\n\n\n<p>Seg\u00fan ellos y hasta donde recuerdan, el peso mexicano jamas ha tenido un cambio fijo frente al dolar y los c\u00f3digos postales han existido toda la vida.\u00a0<\/p>\n\n\n\n<p>Siempre ha habido contestadoras telef\u00f3nicas y, bueno, veamos que tiene de novedoso mandar documentos a Suecia por tel\u00e9fono??\u00a0<\/p>\n\n\n\n<p>Muchos de ellos no saben o no recuerdan que la TV solo ten\u00eda 3 canales e incluso algunos no han visto una tele de blanco y negro. Siempre han sabido que existe el cable y que hay canales que tiene la misma programaci\u00f3n en M\u00e9xico que en Miami y Buenos Aires. Las videocasseteras siempre han existido, pero ya se les olvido en las neblinas de la infancia lo que significa &#8220;Beta&#8221;. No pueden explicarse lo que es ver la tele sin un control remoto. Nacieron en el a\u00f1o en que Sony puso a la venta el Walkman y para ellos los patines de ruedas siempre las han tenido en linea. Ya no hablemos de la normalidad con la que pueden ver un tel\u00e9fono celular o una computadora personal.\u00a0<\/p>\n\n\n\n<p>Nunca han oido hablar de Pan Am, ni de las botanitas Bali o de los Toficos, ni fueron nunca a ver nada a ning\u00fan Televiteatro porque todos se cayeron cuanto tenian cinco a\u00f1os. El programa &#8220;The Tonight Show&#8221; siempre ha sido conducido por Jay Leno y Johnny Carson y el Loco Vald\u00e9s son dos desconocidos, pero uno de los dos es papa de Cristian.\u00a0<\/p>\n\n\n\n<p>No son y ya nunca seran &#8220;sobrinos&#8221;del Tio Gambo\u00edn, ni saben quienes eran Corcolito, Panchol\u00edn, Salchichita, ni que la Calaca Tilica y flaca se chupaba el dedo, ni qui\u00e9n recomendaba el chocolotatote!!. No saben como nos saludamos donde quiera que nos veamos, donde quiera que nos encontremos!. Seguramente no saben que era Canal 8 y la mayor\u00eda probablemente ni recuerda lo que era Imevisi\u00f3n. No tienen idea de cuando ni por que los jeans Jordache eran &#8220;cool&#8221;. Eduardo&#8217;s California suena como a nombre de estetica unixes barata.\u00a0<\/p>\n\n\n\n<p>El 747 es un avi\u00f3n mas bien anticuado y la llegada del hombre a la luna es una efemerides de libro de texto tan trillada como la de Cristobal Col\u00f3n. Y desde luego que las palomitas de maiz no se pueden hacer de otra manera que no sea en el microondas.\u00a0<\/p>\n\n\n\n<p>Pel\u00e9 es un funcionario encorbatado de la FIFA que nunca pisa una cancha y Fernando Valenzuela siempre ha sido un pitcher mediocre, a poco ese gordo gano algun premio???. Es mas, cuando gano una serie mundial?? y a los Yankees??? por favor!!!!. El mejor quarterback es Aikman, Montana es un estado gringo donde fabrican cigarros, Carlos Reynoso es un director t\u00e9cnico que no conoce lo que es la pr\u00e1ctica y el Am\u00e9rica no ha tenido NUNCA un campe\u00f3n goleador. Nunca vieron jugar a Larry Bird y Kareem Abdul-Jabbar anda en el futbol, no???\u00a0<\/p>\n\n\n\n<p>Que ya encontraron el Titanic?? caramba!! no sab\u00eda que se les hubiera perdido!!. Nunca se metieron a nadar pensando en &#8220;Tibur\u00f3n&#8221;, pero el desquite esta en que toda esta generaci\u00f3n se la pensara bastante antes de subirse a un barco grande.\u00a0<\/p>\n\n\n\n<p>Michael Jackson siempre ha sido blanco, aunque con esa piel tan rara. Tom Hanks siempre ha hecho peliculas serias. Stallone es un mat\u00f3n que se hace viejo, pero no un muchachito pobre que se esfuerza por ganar su primera pelea. C\u00f3mo crees que Travolta va a poder bailar con esa panza??? qui\u00e9n es ese tal Robert Redford y que le ven de atractivo??\u00a0<\/p>\n\n\n\n<p>No se pueden imaginar lo que es un lente de contacto duro, ni saben qui\u00e9n era Mork ni de donde venia. De hecho Alf es un programa realmente viejo. Nunca oyeron las siguientes expresiones: &#8220;siga los tres movimientos de Fab&#8221;, &#8220;Acapulco en la azotea&#8221;, &#8220;el chaca-chaca&#8221;, &#8220;quisiera al mundo darle amor&#8230;&#8221;, &#8220;toma Coca Cola y una sonrisa&#8221;, &#8220;sube Pelayo, sube&#8221;, &#8220;el avi\u00f3n, jefe, el avi\u00f3n!&#8221;, &#8220;Steve Austin, astronauta, su vida esta en peligro..&#8221;, o &#8220;abuelito dime tu&#8221;. Nunca sabr\u00e1n cu\u00e1l el problema de do\u00f1a Leonor, que &#8220;como se le nota&#8221;. No piensan en Chrysler con la voz de Claudio Brook. No se acuerdan de lo que eran Lilly Leddy y que hab\u00eda en las jugueterias antes del GATT, la OMC y el NAFTA. Como habra sido el surtido de juguetes en Price Club y Wal-Mart en esa \u00e9poca?? Bastante malo, no? ah! que no hab\u00eda??!!\u00a0<\/p>\n\n\n\n<p>Te juro que en los a\u00f1os setenta no has de haber conseguido ni siquiera un diskette de tres y media pulgadas en el Office Max&#8230;..!!!!\u00a0<\/p>\n\n\n\n<p>No saben qui\u00e9n era la mu\u00f1eca Fabiola ni que sab\u00eda hacer por si sola. Mucho menos qui\u00e9n es la que &#8220;llora, llora y mueve sus manitas y solo se contenta llevandola a pasear&#8221;. Ni idea de lo que puedan significar los terminos &#8220;petaca&#8221;, &#8220;tirapapas&#8221;, &#8220;bubulin&#8221;, &#8220;segurolas&#8221;. No se acuerdan quienes eran Takeshi y Koyi!!! no usaron loncheras de metal..!!\u00a0<\/p>\n\n\n\n<p>No s\u00f3lo no les interesa qui\u00e9n le disparo a J.R., sino quien era J.R.??, Los Angeles de Charlie, Magnum, Quincy, El crucero del Amor, La mujer bionica&#8230;. eran programas en teve??? con esos nombres??!! No supieron de la existencia de los cigarros Baronet.\u00a0<\/p>\n\n\n\n<p>Yuri no es el tipo de artista que deber\u00eda cantarle a los ni\u00f1os, le falta la inocencia para cantarle a las cosas sencillas y tiernas, a los animalitos&#8230; como a un peque\u00f1o panda que aun no anda&#8230; y absolutamente toda la m\u00fasica &#8220;disco&#8221; cantada por mujeres es de Donna Summer&#8230;. Kansas, Chicago, Boston, America y Alabama son nombres de lugares, no de bandas.\u00a0<\/p>\n\n\n\n<p>Las hamburguesas de McDonalds nunca se han empacado en contenedores de unicel, en todos los laaaaargos a\u00f1os que McDonalds lleva en M\u00e9xico&#8230; creo haber leido que Zapata desayuno una vez durante la Revoluci\u00f3n&#8230; hay una foto muy famosa de Casasola en el CD-ROM.\u00a0<\/p>\n\n\n\n<p>Que hab\u00eda que ir al correo a comprar timbres para mandarles a ustedes este texto???????? pero&#8230; en que a\u00f1o??????\u00a0<\/p>\n\n\n\n<p>Te sientes viejo ahora?? Recuerda, toda esta gente entra a la universidad este oto\u00f1o&#8230;\n\n<\/p>\n\n\n\n<p style=\"text-align:right\">Sergio O. Figueroa (1998)<\/p>\n","protected":false},"excerpt":{"rendered":"<p>Espero que al leer esto te des cuenta que el tiempo pasa pronto y que mas vale ponerse a caminar pronto antes de que sea muy tarde.\u00a0 El pasado septiembre comenz\u00f3 el trimestre de oto\u00f1o de 1998 en las Universidades P\u00fablicas de nuestra amada Madre Patria. Qui\u00e9n dice que el tiempo no pasa? La gente &hellip; <\/p>\n<p class=\"link-more\"><a href=\"https:\/\/www.viajeros.net\/vwp\/mexico-otono-de-1998\/\" class=\"more-link\">Continue reading<span class=\"screen-reader-text\"> &#8220;M\u00e9xico, Oto\u00f1o de 1998&#8221;<\/span><\/a><\/p>\n","protected":false},"author":1,"featured_media":0,"parent":0,"menu_order":0,"comment_status":"closed","ping_status":"closed","template":"","meta":{"footnotes":""},"class_list":["post-50","page","type-page","status-publish","hentry"],"_links":{"self":[{"href":"https:\/\/www.viajeros.net\/vwp\/wp-json\/wp\/v2\/pages\/50","targetHints":{"allow":["GET"]}}],"collection":[{"href":"https:\/\/www.viajeros.net\/vwp\/wp-json\/wp\/v2\/pages"}],"about":[{"href":"https:\/\/www.viajeros.net\/vwp\/wp-json\/wp\/v2\/types\/page"}],"author":[{"embeddable":true,"href":"https:\/\/www.viajeros.net\/vwp\/wp-json\/wp\/v2\/users\/1"}],"replies":[{"embeddable":true,"href":"https:\/\/www.viajeros.net\/vwp\/wp-json\/wp\/v2\/comments?post=50"}],"version-history":[{"count":1,"href":"https:\/\/www.viajeros.net\/vwp\/wp-json\/wp\/v2\/pages\/50\/revisions"}],"predecessor-version":[{"id":51,"href":"https:\/\/www.viajeros.net\/vwp\/wp-json\/wp\/v2\/pages\/50\/revisions\/51"}],"wp:attachment":[{"href":"https:\/\/www.viajeros.net\/vwp\/wp-json\/wp\/v2\/media?parent=50"}],"curies":[{"name":"wp","href":"https:\/\/api.w.org\/{rel}","templated":true}]}}