{"id":54,"date":"2018-09-05T15:03:24","date_gmt":"2018-09-05T15:03:24","guid":{"rendered":"https:\/\/www.viajeros.net\/vwp\/?page_id=54"},"modified":"2018-09-05T20:04:39","modified_gmt":"2018-09-05T20:04:39","slug":"adora-y-confia","status":"publish","type":"page","link":"https:\/\/www.viajeros.net\/vwp\/adora-y-confia\/","title":{"rendered":"Adora y Conf\u00eda"},"content":{"rendered":"\n<table class=\"wp-block-table\"><tbody><tr><td>No te inquietes por las dificultades de la vida, por sus altibajos, por sus decepciones, por su porvenir mas o menos sombr\u00edo.<\/td><\/tr><tr><td>Quiere lo que Dios quiere.<br\/>Ofr\u00e9cele en medio de inquietudes y dificultades el sacrificio de tu alma sencilla que, pese a todo,acepta los designios de su providencia.<\/td><\/tr><tr><td>Poco importa que te consideres frustrado\u00a0<br\/>si Dios te considera plenamente realizado;\u00a0<br\/>a su gusto.<\/td><\/tr><tr><td>Pi\u00e9rdete confiado ciegamente en ese Dios\u00a0<br\/>que te quiere para si; y que llegar\u00e1 hasta ti, aunque jam\u00e1s le veas<\/td><\/tr><tr><td>Piensa que estas en sus manos,\u00a0<br\/>tanto mas fuertemente asido,\u00a0<br\/>cuanto mas deca\u00eddo y triste te encuentres.<\/td><\/tr><tr><td>Vive feliz. Te lo suplico. Vive en paz.<br\/>Que nada te altere.<br\/>Que nada sea capaz de quitarte tu paz.<br\/>Ni la fatiga ps\u00edquica, ni tus fallos morales.<br\/>Haz que brote, y conserva siempre sobre tu rostro, una dulce sonrisa, reflejo de la que el Se\u00f1or continuamente te dirige.<\/td><\/tr><tr><td>Y en el fondo de tu alma, coloca antes que nada, todo aquello que te llene de la paz de Dios.<\/td><\/tr><tr><td>Recuerda: cuanto te reprima e inquiete es falso. Te lo aseguro en nombre de las leyes de la vida y de las promesas de Dios.<\/td><\/tr><tr><td>Por eso, cuando te sientas apesadumbrado, triste,:<\/td><\/tr><tr><td>Adora y Conf\u00eda&#8230;<\/td><\/tr><\/tbody><\/table>\n\n\n\n<p>Teilhard de Chard\u00edn, (Fil\u00f3sofo franc\u00e9s cat\u00f3lico).<\/p>\n","protected":false},"excerpt":{"rendered":"<p>No te inquietes por las dificultades de la vida, por sus altibajos, por sus decepciones, por su porvenir mas o menos sombr\u00edo. Quiere lo que Dios quiere.Ofr\u00e9cele en medio de inquietudes y dificultades el sacrificio de tu alma sencilla que, pese a todo,acepta los designios de su providencia. Poco importa que te consideres frustrado\u00a0si Dios &hellip; <\/p>\n<p class=\"link-more\"><a href=\"https:\/\/www.viajeros.net\/vwp\/adora-y-confia\/\" class=\"more-link\">Continue reading<span class=\"screen-reader-text\"> &#8220;Adora y Conf\u00eda&#8221;<\/span><\/a><\/p>\n","protected":false},"author":1,"featured_media":0,"parent":0,"menu_order":0,"comment_status":"closed","ping_status":"closed","template":"","meta":{"footnotes":""},"class_list":["post-54","page","type-page","status-publish","hentry"],"_links":{"self":[{"href":"https:\/\/www.viajeros.net\/vwp\/wp-json\/wp\/v2\/pages\/54","targetHints":{"allow":["GET"]}}],"collection":[{"href":"https:\/\/www.viajeros.net\/vwp\/wp-json\/wp\/v2\/pages"}],"about":[{"href":"https:\/\/www.viajeros.net\/vwp\/wp-json\/wp\/v2\/types\/page"}],"author":[{"embeddable":true,"href":"https:\/\/www.viajeros.net\/vwp\/wp-json\/wp\/v2\/users\/1"}],"replies":[{"embeddable":true,"href":"https:\/\/www.viajeros.net\/vwp\/wp-json\/wp\/v2\/comments?post=54"}],"version-history":[{"count":1,"href":"https:\/\/www.viajeros.net\/vwp\/wp-json\/wp\/v2\/pages\/54\/revisions"}],"predecessor-version":[{"id":55,"href":"https:\/\/www.viajeros.net\/vwp\/wp-json\/wp\/v2\/pages\/54\/revisions\/55"}],"wp:attachment":[{"href":"https:\/\/www.viajeros.net\/vwp\/wp-json\/wp\/v2\/media?parent=54"}],"curies":[{"name":"wp","href":"https:\/\/api.w.org\/{rel}","templated":true}]}}